{"id":187,"date":"2026-08-24T10:54:42","date_gmt":"2026-08-24T10:54:42","guid":{"rendered":"https:\/\/salesianasaracati.com.br\/v2\/?page_id=187"},"modified":"2026-09-02T19:33:15","modified_gmt":"2026-09-02T19:33:15","slug":"matriculas-2026","status":"publish","type":"page","link":"https:\/\/salesianasaracati.com.br\/v2\/matriculas-2026\/","title":{"rendered":"Matr\u00edculas 2027"},"content":{"rendered":"\n<h2 class=\"wp-block-heading has-text-align-center has-large-font-size\"><strong><mark style=\"background-color:rgba(0, 0, 0, 0)\" class=\"has-inline-color has-salesianas-red-color\">Boas-vindas ao Instituto Waldemar Falc\u00e3o!<\/mark><\/strong><br><strong>Sauda\u00e7\u00f5es Salesianas!<\/strong><\/h2>\n\n\n\n<p class=\"has-medium-font-size wp-block-paragraph\">Nosso col\u00e9gio integra a Rede Salesiana Brasil, maior Rede Cat\u00f3lica das Am\u00e9ricas. Para n\u00f3s educadores, a educa\u00e7\u00e3o deve promover a autonomia do educando, tanto nos seus aspectos intelectuais e cognitivos, como tamb\u00e9m o desenvolvimento afetivo e nos valores, fact\u00edveis e duradouros.<\/p>\n\n\n\n<p class=\"has-medium-font-size wp-block-paragraph\">Acreditamos na for\u00e7a transformadora da educa\u00e7\u00e3o, por isso, estamos sempre caminhando com os tempos, oferecendo um ambiente educativo acolhedor, seguro e preservando o bem mais precioso para n\u00f3s: seu filho, sua filha.<\/p>\n\n\n\n<p class=\"has-medium-font-size wp-block-paragraph\">Confiemos na prote\u00e7\u00e3o e cuidado maternos de Nossa Senhora Auxiliadora, rogando muitas b\u00ean\u00e7\u00e3os e sa\u00fade para todos.<\/p>\n\n\n\n<p class=\"has-medium-font-size wp-block-paragraph\"><a href=\"https:\/\/wa.me\/message\/3NJX2ISSFAFMO1\">Clique aqui e agende<\/a>&nbsp;sua visita e venha ser mais Salesianas com a gente!<\/p>\n\n\n\n<p class=\"has-salesianas-red-color has-text-color has-link-color has-medium-font-size wp-elements-1 wp-block-paragraph\"><strong>Abaixo voc\u00ea confere mais informa\u00e7\u00f5es sobre o processo de Matr\u00edculas para o ano de 2027:<\/strong><\/p>\n\n\n\n<p class=\"has-medium-font-size wp-block-paragraph\">01.&nbsp;<a href=\"https:\/\/salesianasaracati.com.br\/v2\/wp-content\/uploads\/2026\/09\/Circular-de-Matriculas-2027-IWF.pdf\">Circular de Matr\u00edculas 2027<\/a><br>02.&nbsp;<a href=\"https:\/\/siga.activesoft.com.br\/login\/\">Solicita\u00e7\u00e3o de Matr\u00edcula<\/a><\/p>\n\n\n\n<p class=\"wp-block-paragraph\"><\/p>\n\n\n\n<p class=\"has-medium-font-size wp-block-paragraph\"><strong>Nossa Central de atendimento est\u00e1 dispon\u00edvel para tirar suas d\u00favidas e acolher voc\u00ea!<\/strong><br><strong><a href=\"https:\/\/api.whatsapp.com\/send?phone=5585987240069\">Entre em contato pelos Telefones: (88) 3421-1481 \/ (85) 98724-0069.<\/a><\/strong><\/p>\n\n\n\n<p class=\"wp-block-paragraph\"><\/p>\n","protected":false},"excerpt":{"rendered":"<p>Boas-vindas ao Instituto Waldemar Falc\u00e3o!Sauda\u00e7\u00f5es Salesianas! Nosso col\u00e9gio integra a Rede Salesiana Brasil, maior Rede Cat\u00f3lica das Am\u00e9ricas. Para n\u00f3s educadores, a educa\u00e7\u00e3o deve promover a autonomia do educando, tanto nos seus aspectos intelectuais e cognitivos, como tamb\u00e9m o desenvolvimento afetivo e nos valores, fact\u00edveis e duradouros. Acreditamos na for\u00e7a transformadora da educa\u00e7\u00e3o, por isso, [&hellip;]<\/p>\n","protected":false},"author":1,"featured_media":0,"parent":0,"menu_order":0,"comment_status":"closed","ping_status":"closed","template":"","meta":{"pagelayer_contact_templates":[],"_pagelayer_content":"","footnotes":""},"class_list":["post-187","page","type-page","status-publish","hentry"],"_links":{"self":[{"href":"https:\/\/salesianasaracati.com.br\/v2\/wp-json\/wp\/v2\/pages\/187","targetHints":{"allow":["GET"]}}],"collection":[{"href":"https:\/\/salesianasaracati.com.br\/v2\/wp-json\/wp\/v2\/pages"}],"about":[{"href":"https:\/\/salesianasaracati.com.br\/v2\/wp-json\/wp\/v2\/types\/page"}],"author":[{"embeddable":true,"href":"https:\/\/salesianasaracati.com.br\/v2\/wp-json\/wp\/v2\/users\/1"}],"replies":[{"embeddable":true,"href":"https:\/\/salesianasaracati.com.br\/v2\/wp-json\/wp\/v2\/comments?post=187"}],"version-history":[{"count":8,"href":"https:\/\/salesianasaracati.com.br\/v2\/wp-json\/wp\/v2\/pages\/187\/revisions"}],"predecessor-version":[{"id":515,"href":"https:\/\/salesianasaracati.com.br\/v2\/wp-json\/wp\/v2\/pages\/187\/revisions\/515"}],"wp:attachment":[{"href":"https:\/\/salesianasaracati.com.br\/v2\/wp-json\/wp\/v2\/media?parent=187"}],"curies":[{"name":"wp","href":"https:\/\/api.w.org\/{rel}","templated":true}]}}

Matrículas 2027

<h2 class="wp-block-heading has-text-align-center has-large-font-size"><strong><mark style="background-color:rgba(0, 0, 0, 0)" class="has-inline-color has-salesianas-red-color">Boas-vindas ao Instituto Waldemar Falcão!</mark></strong><br><strong>Saudações Salesianas!</strong></h2>



<p class="has-medium-font-size wp-block-paragraph">Nosso colégio integra a Rede Salesiana Brasil, maior Rede Católica das Américas. Para nós educadores, a educação deve promover a autonomia do educando, tanto nos seus aspectos intelectuais e cognitivos, como também o desenvolvimento afetivo e nos valores, factíveis e duradouros.</p>



<p class="has-medium-font-size wp-block-paragraph">Acreditamos na força transformadora da educação, por isso, estamos sempre caminhando com os tempos, oferecendo um ambiente educativo acolhedor, seguro e preservando o bem mais precioso para nós: seu filho, sua filha.</p>



<p class="has-medium-font-size wp-block-paragraph">Confiemos na proteção e cuidado maternos de Nossa Senhora Auxiliadora, rogando muitas bênçãos e saúde para todos.</p>



<p class="has-medium-font-size wp-block-paragraph"><a href="https://wa.me/message/3NJX2ISSFAFMO1">Clique aqui e agende</a>&nbsp;sua visita e venha ser mais Salesianas com a gente!</p>



<p class="has-salesianas-red-color has-text-color has-link-color has-medium-font-size wp-elements-1 wp-block-paragraph"><strong>Abaixo você confere mais informações sobre o processo de Matrículas para o ano de 2027:</strong></p>



<p class="has-medium-font-size wp-block-paragraph">01.&nbsp;<a href="https://salesianasaracati.com.br/v2/wp-content/uploads/2026/09/Circular-de-Matriculas-2027-IWF.pdf">Circular de Matrículas 2027</a><br>02.&nbsp;<a href="https://siga.activesoft.com.br/login/">Solicitação de Matrícula</a></p>



<p class="wp-block-paragraph"></p>



<p class="has-medium-font-size wp-block-paragraph"><strong>Nossa Central de atendimento está disponível para tirar suas dúvidas e acolher você!</strong><br><strong><a href="https://api.whatsapp.com/send?phone=5585987240069">Entre em contato pelos Telefones: (88) 3421-1481 / (85) 98724-0069.</a></strong></p>



<p class="wp-block-paragraph"></p>

<p>Boas-vindas ao Instituto Waldemar Falcão!Saudações Salesianas! Nosso colégio integra a Rede Salesiana Brasil, maior Rede Católica das Américas. Para nós educadores, a educação deve promover a autonomia do educando, tanto nos seus aspectos intelectuais e cognitivos, como também o desenvolvimento afetivo e nos valores, factíveis e duradouros. Acreditamos na força transformadora da educação, por isso, [&hellip;]</p>
